 -765)?
118
What is -7 - (-18 + -1 + -1 + (79 - 15))?
-51
Calculate 24 + (132 - 226) + 15.
-55
Evaluate 1 + -122 - ((-58 - -42 - 34) + 32).
-103
Evaluate ((-6 - -42) + -38 - 20) + 35.
13
Evaluate -27 + (-43 - (-18 + 0)).
-52
Evaluate -149 + 93 + 37 + -32.
-51
Calculate (-242 - -317) + 21 + -66.
30
-56 - (47 + -128 - -35)
-10
What is the value of -449 + 527 - ((11 - 7) + (-4 - -2) - 11)?
87
Calculate 2 - (-4 + 2 - -1) - (150 - (-98 + 198)).
-47
Calculate (66 - -155 - 93) + -25.
103
Evaluate -4 + 36 + (-9 - 24).
-1
Evaluate -5 + -29 + 77 + -41.
2
Evaluate 2 + 6 + 131 + -123.
16
Evaluate 69 - (7 - (-100 + 99)).
61
Calculate 37 + -1 + 0 + 4779 + -4831.
-16
(-27 - 2) + 12862 + -12819
14
45 + 15 + 75 + 42 + -87
90
What is (48 - (5 + -30 - -16)) + -6 + (-6 - -2)?
47
Calculate (10 - -140) + (-97 - -11).
64
Calculate 48 - (11 + (-6 - -12) + 6).
25
Evaluate (-4 - 0) + 10 - ((-6 - -48) + -54) - 1.
17
What is the value of 8 + -5 + 32 - -18?
53
What is (-35 - -3) + 23 + (2 - -17) + 14?
24
14 - -1 - (-17 - (32 + (-126 - 1)))
-63
Evaluate 8 + -64 + 12 + 5 + -8 + 3 + 0.
-44
Calculate -143 + 170 + (1 - ((-5 - 0) + -1 + 2)).
32
(-94 - (-125 + 3)) + 26
54
Calculate 7 - (28 - 5) - (20 + -34 + -73).
71
-10 - (-144 - (-44 + 23 - -4)) - (-1 + 4)
114
What is the value of 3 - (-44 - (26 + -12 - 27 - -23))?
57
Calculate -62 + (100 - 34) + -50.
-46
Calculate (4 - -5) + 18 + -18 - (34 + -3 + -3).
-19
4 + (-26 + 61 + -18 - 7)
14
Evaluate 43 + ((-3 + -11 - -4) + 22 - (4 - -3)).
48
-69 + 168 + -156 + (-25 - 0)
-82
Calculate (-5721 - -5760) + 9 + 2.
50
What is the value of -54 - -47 - (6 - 1) - (-13 + 8)?
-7
What is the value of -35 - ((28 - 36) + -18) - -66?
57
What is the value of 13 + 13 + -17 + 5 + 6 + -10?
10
What is the value of 5 + -15 + 54 + -47 - -19 - -33?
49
Evaluate (-9 - -76) + -424 + 358 + (1 + 66 - 1).
67
What is -39 - (-18 - (-17 + 14) - -10)?
-34
What is the value of -17 + 25 + 23 - 12 - 67?
-48
Calculate (-32 - (15 - 11)) + (164 - 55).
73
What is -4 + 6 - 13 - (1 + (33 - (-5 + 9)))?
-41
What is the value of -19 + 3 + (43 - (43 + -11))?
-5
(-1 + 1 - -75) + -676 + 681
80
What is the value of 19 + (4 - 8) + (-55 - (-59 + 18))?
1
-4 + -14 + 9 - 4 - (-19 - -20)
-14
-1 + 3 + (-11 - -2) + 2 - (-2796 + 2831)
-40
Evaluate 10 - (2 + -3 + (-26 - (-34 + -72))).
-69
(-425 - -480) + 24 + -2 + 6
83
What is -106 + 1 - (25 + -46 + 27 - 10)?
-101
Calculate -57 + 143 + -30 + -23.
33
Evaluate 31 - (-3 + -3 + 20) - 8.
9
What is the value of -22 - (-8 + (0 - -24 - 5) + -8 - -1)?
-26
What is the value of 14 + 11 + -30 + 3?
-2
Evaluate -21 + -8 + (-9 - -19) + -10.
-29
-48 + 20 - (3 - (-22 + 12))
-41
What is the value of 8 - 1 - (12 + (-45 - -19 - -26))?
-5
What is 40 + 2 - (33 + (-34 - 14 - -34))?
23
Calculate 31 + (-11 - (28 + -1)) - 56.
-63
Evaluate -42 - (-28 + (52 - 54)).
-12
Calculate 5 - (-13 - (17 - 7) - -61).
-33
-50 - (-18 + (-19 - (-7 - 8)))
-28
What is (3895 - 3957) + (77 - -2)?
17
Calculate 49 - ((462 - 431) + (-33 - -1)).
50
What is 38 + -75 + -67 + 86?
-18
-51 + (5 + 1 + (-21 - -13) - -3) + -13
-63
-17 + (37 - (43 + 14)) - -105
68
(-17 - -25 - 17) + 8 + -6
-7
What is -74 - (-27 + 11 + -19 - -14) - 22?
-75
Calculate 183 - 115 - 51 - 102.
-85
(-50 - -17) + 28 + -17 + 11 + -29
-40
What is (99 - 101) + (3 - (1 + 41 + -3))?
-38
What is the value of (5 - -3) + (19 - -48) + -61?
14
Calculate 1 + 124 + (-64 - -57) + -19.
99
What is the value of -11 + -25 + 22 + (-6 - 4)?
-24
(15 - 0) + (93 - -66) + -180 + 97 + -1
90
What is -18 - -14 - 3 - (-1 + 7 + -80 - -1)?
66
What is 33 - (56 + -20 + -6) - (-15 - -1)?
17
-6 + -12 + (27 + -69 - -96)
36
Calculate (-21 + 29 - 6) + 12 + -18.
-4
What is the value of 3 - (-8 + -4 + 0 + -1 + 201 + -194)?
9
Evaluate -36 - 6 - (342 - 426).
42
What is the value of (-22 - -6) + 23 + -6 - -3?
4
-21 + (4 - (9 - -9))
-35
(-10 - 31 - -15) + 35 + (61 - (3 + -4))
71
Calculate (-42 - 9 - -27) + 2 + 3.
-19
What is the value of 16 + (-3 - 31) + 31 + 39?
52
Calculate -15 - ((-1 - (-1 - (16 - 3))) + (-60 - -54)).
-22
(1 - 15) + (-2953 - -2918)
-49
Evaluate 131 - (36 - -22) - 57.
16
(31 - 60) + (-5 - -3)
-31
What is the value of 37 - (-35 - -84) - (0 - -46)?
-58
What is the value of -19 - (16 - (13 + 19 + -29))?
-32
What is the value of -1 + -78 - (17 + 11 + -28 - 3)?
-76
Calculate -5 + -59 + 47 + 50 + -5.
28
Evaluate -45 - (-148 + (40 - -15)).
48
What is (-30 - -13 - 14 - 2) + 6?
-27
What is 17 + -1 + (1 - 4) + (-10 - 27)?
-24
Calculate -4 - -12 - 24 - -2 - (-59 - -3).
42
Evaluate (-6 - (24 + (-12 - 7))) + (-1 - -117).
105
Evaluate 350 + -317 - (10 + 5 - (1 + -5)).
14
-3 + 4 + -31 + -213 + 165
-78
52 - (-59 + 40 - 1)
72
What is -60 + (12 - 8) + 109?
53
Calculate -1 + -3 - (-31 + -2 + 22) - -35.
42
What is 10 + (2 - 0 - -4) + 23?
39
What is the value of 16 - 18 - ((-79 + -4 - 3) + 46 + -41)?
79
Calculate 15 + 229 + -83 + -88.
73
Calculate -8 + (-1 - ((1 - 0) + -33)).
23
Evaluate -14 - ((-1 - (1 - 0)) + 111 + -119).
-4
What is the value of 49 + 8 - 38 - (-6 - 0)?
25
Calculate 55 + 54 + (-11 - 42).
56
-86 - (86 - 239) - 15
52
Evaluate (-1 - (25 + 1) - (518 + -534)) + (-45 - 0).
-56
-46 - (-2 + (-6 - -10)) - (-1 - -6 - 14)
-39
What is the value of (-7 - -13) + -8 + 91 + (8 + -4 - 9)?
84
Evaluate (65 - 87) + 24 - (-48 + -1).
51
Evaluate 6 + (-2 - ((12 - 7) + 1)) - (-7 + -65).
70
What is the value of -3 + (-4 - 5) - (-13 - 18 - 12)?
31
(-8 - 2 - 9 - -3) + 27
11
Evaluate -14 + (21 - (-12 - -9)) + (11 - 94).
-73
Calculate (-77 - -37) + (14 + -37 - 83).
-146
What is 154 - (-118 + 222) - (2 - 12)?
60
Evaluate -117 - (-139 - -128) - 34.
-140
Calculate (-19 - 10) + -4 - (63 + -18).
-78
What is -3 + 19 + -118 + (-5 - (0 + -1 - 7))?
-99
232 + -243 - (-1 - (-4 - (4 - 4) - -1))
-13
Calculate -10 - (-42 - (11 + (8 - -9 - 34))).
26
-8 + (-12 + 72 - 15) + 5 + -18
24
Calculate -10 + (9 + -29 - -35).
5
What is the value of -12 + -123 + (-25 - (-27 + -5))?
-128
What is -7 + (68 - 152 - -148)?
57
Evaluate -8 - ((-9 - (-6 - 15) - 50) + -9).
39
What is (-3 + 7 - -73) + -12 + -2 + (12 - -15)?
90
Evaluate (4 - 7 - -11) + 36 + 0 + -4.
40
(7 - (-7 + -4 + (-18 - -26))) + 19
29
What is the value of (-6 + 21 - 10) + (-90 - -43)?
-42
Evaluate 14 + (25 - -49) - 37.
51
Evaluate -2 - 9 - -2 - ((436 - 175) + -158).
-112
(44 - -3 - 49) + (-1 - 119 - (-1 + -4))
-117
Evaluate (2 - 15) + (48 + -25 + -18 - (1 + 57)).
-66
(-147 - (8 - (6 - -18)) - -20) + -1 + -6
-118
Calculate (-81 - ((73 - 0) + -35)) + 26.
-93
What is the value of (-346 - -443) + (-1 + 6 - 0) + -19 + 12?
95
What is the value of -21 - -12 - (4 - (8 + 0 - 8) - 38)?
25
Evaluate (-23 - (-18 - (13 - (22 + -7)))) + 1.
-6
Evaluate -1 + (5 - (-3 - -7)) + -51 + 8 - -7.
-36
What is 62 + -114 + 32 + -7 + 0?
-27
What is (-26 - 9) + -787 + 770?
-52
Evaluate -35 - (1 - -3) - (1 + -5).
-35
-25 - (15 + 38 + (-52 - -31))
-57
What is the value of 89 - (131 - (11 - -105))?
74
7 - ((-1 - 0 - 0) + (-91 - 26 - -120))
5
Evaluate (30 - 52) + -1 + (19 + -8 - (-3 + 7)).
-16
42 - 60 - (10 - -3 - -16)
-47
Evaluate 16 + (32 + 7 + -56 - (-91 - 0)).
90
What is the value of -7 + 4 + -204 + 148 + -33?
-92
8 + -6 + (0 - -4 - 12) + 1
-5
Evaluate 6 + (-3 - -10 - 2) + -15 - -77.
73
Calculate 4 + 9 + (-18 - (48 + 17 + -3)).
-67
-2 - 1 - (-20 - (42 - (30 - -43)))
-14
What is the value of -9 - ((253 - 232) + -4 + 3)?
-29
Calculate -144 + (6 - (-73 + 77) - (-12 - -1)) + -10.
-141
1 + 120 - (919 - 855)
57
What is the value of (95 - (200 - 108)) + 0 + -18?
-15
What is -3 - (7 + 7 - (-16 - -21 - (-88 - -3)))?
73
What is the value of (-39 - (-9 + -101)) + -29?
42
97 - -1 - (3138 - 3074)
34
Calculate 14 + (-20 - (18 + (4 - -16))).
-44
What is the value of (-28 - -29 - 2) + 11 + (1 + 31 - 0)?
42
What is (7 - (-12 - 1)) + -16 - -4?
8
What is the value of (-2 - 0 - 2) + (-196 - -210) + -33?
-23
What is (-6 + 14 + 18 - 19) + -11?
-4
Calculate 99 + 6 - (0 + 1 + -2 + -1538 + 1539).
105
What is the value of -1 + 7 - (-107 + 51 + 126)?
-64
Calculate -178 + 143 + 38 + -106 + 2.
-101
(23 - -20) + -86 - -49
6
What is the value of 74 + (4 - 29) + 7 + (72 - 56)?
72
What is the value of -17 - (-19 + (22 - -1) + -16)?
-5
Calculate (-345 - -41 - -336) + (-32 - -1).
1
What is the value of (1 + -28 - (-39 - (-26 - 3))) + -39?
-56
What is the value of (4 - 2) + 2 - (-8 - -5 - -48 - 3)?
-38
Wh